{"id":5914,"date":"2024-04-02T12:10:25","date_gmt":"2024-04-02T10:10:25","guid":{"rendered":"https:\/\/lw32.de\/cms\/?page_id=5914"},"modified":"2026-03-25T10:40:10","modified_gmt":"2026-03-25T09:40:10","slug":"outdoor","status":"publish","type":"page","link":"https:\/\/lw32.de\/cms\/outdoor\/","title":{"rendered":"Outdoor"},"content":{"rendered":"\t\t<div data-elementor-type=\"wp-page\" data-elementor-id=\"5914\" class=\"elementor elementor-5914\">\n\t\t\t\t\t\t<section class=\"has_eae_slider elementor-section elementor-top-section elementor-element elementor-element-647fbeb elementor-section-full_width elementor-section-height-default elementor-section-height-default\" data-eae-slider=\"52264\" data-id=\"647fbeb\" data-element_type=\"section\" data-e-type=\"section\">\n\t\t\t\t\t\t<div class=\"elementor-container elementor-column-gap-extended\">\n\t\t\t\t\t<div class=\"has_eae_slider elementor-column elementor-col-100 elementor-top-column elementor-element elementor-element-d5575e8\" data-eae-slider=\"59190\" data-id=\"d5575e8\" data-element_type=\"column\" data-e-type=\"column\">\n\t\t\t<div class=\"elementor-widget-wrap elementor-element-populated\">\n\t\t\t\t\t\t<div class=\"elementor-element elementor-element-c966fcf elementor-widget elementor-widget-image\" data-id=\"c966fcf\" data-element_type=\"widget\" data-e-type=\"widget\" data-widget_type=\"image.default\">\n\t\t\t\t<div class=\"elementor-widget-container\">\n\t\t\t\t\t\t\t\t\t\t\t\t\t\t\t<img fetchpriority=\"high\" decoding=\"async\" width=\"1920\" height=\"1080\" src=\"https:\/\/lw32.de\/cms\/wp-content\/uploads\/2026\/03\/Design-ohne-Titel12.png\" class=\"attachment-full size-full wp-image-7968\" alt=\"Dedon Karlsruhe\" srcset=\"https:\/\/lw32.de\/cms\/wp-content\/uploads\/2026\/03\/Design-ohne-Titel12.png 1920w, https:\/\/lw32.de\/cms\/wp-content\/uploads\/2026\/03\/Design-ohne-Titel12-300x169.png 300w, https:\/\/lw32.de\/cms\/wp-content\/uploads\/2026\/03\/Design-ohne-Titel12-1024x576.png 1024w, https:\/\/lw32.de\/cms\/wp-content\/uploads\/2026\/03\/Design-ohne-Titel12-768x432.png 768w, https:\/\/lw32.de\/cms\/wp-content\/uploads\/2026\/03\/Design-ohne-Titel12-1536x864.png 1536w, https:\/\/lw32.de\/cms\/wp-content\/uploads\/2026\/03\/Design-ohne-Titel12-800x450.png 800w\" sizes=\"(max-width: 1920px) 100vw, 1920px\" \/>\t\t\t\t\t\t\t\t\t\t\t\t\t\t\t<\/div>\n\t\t\t\t<\/div>\n\t\t\t\t\t<\/div>\n\t\t<\/div>\n\t\t\t\t\t<\/div>\n\t\t<\/section>\n\t\t\t\t<section class=\"has_eae_slider elementor-section elementor-top-section elementor-element elementor-element-2f5e8e4 elementor-section-boxed elementor-section-height-default elementor-section-height-default\" data-eae-slider=\"64598\" data-id=\"2f5e8e4\" data-element_type=\"section\" data-e-type=\"section\">\n\t\t\t\t\t\t<div class=\"elementor-container elementor-column-gap-extended\">\n\t\t\t\t\t<div class=\"has_eae_slider elementor-column elementor-col-100 elementor-top-column elementor-element elementor-element-854c549\" data-eae-slider=\"1230\" data-id=\"854c549\" data-element_type=\"column\" data-e-type=\"column\">\n\t\t\t<div class=\"elementor-widget-wrap elementor-element-populated\">\n\t\t\t\t\t\t<div class=\"elementor-element elementor-element-f7ee9b6 elementor-widget elementor-widget-spacer\" data-id=\"f7ee9b6\" data-element_type=\"widget\" data-e-type=\"widget\" data-widget_type=\"spacer.default\">\n\t\t\t\t<div class=\"elementor-widget-container\">\n\t\t\t\t\t\t\t<div class=\"elementor-spacer\">\n\t\t\t<div class=\"elementor-spacer-inner\"><\/div>\n\t\t<\/div>\n\t\t\t\t\t\t<\/div>\n\t\t\t\t<\/div>\n\t\t\t\t<div class=\"elementor-element elementor-element-1e7065a elementor-widget elementor-widget-heading\" data-id=\"1e7065a\" data-element_type=\"widget\" data-e-type=\"widget\" data-widget_type=\"heading.default\">\n\t\t\t\t<div class=\"elementor-widget-container\">\n\t\t\t\t\t<h2 class=\"elementor-heading-title elementor-size-default\">OUTDOOR + LIVING<\/h2>\t\t\t\t<\/div>\n\t\t\t\t<\/div>\n\t\t\t\t<div class=\"elementor-element elementor-element-d7fe105 elementor-widget elementor-widget-heading\" data-id=\"d7fe105\" data-element_type=\"widget\" data-e-type=\"widget\" data-widget_type=\"heading.default\">\n\t\t\t\t<div class=\"elementor-widget-container\">\n\t\t\t\t\t<h2 class=\"elementor-heading-title elementor-size-default\">Design mit frischem Wind<\/h2>\t\t\t\t<\/div>\n\t\t\t\t<\/div>\n\t\t\t\t<div class=\"elementor-element elementor-element-90c1b63 elementor-widget elementor-widget-spacer\" data-id=\"90c1b63\" data-element_type=\"widget\" data-e-type=\"widget\" data-widget_type=\"spacer.default\">\n\t\t\t\t<div class=\"elementor-widget-container\">\n\t\t\t\t\t\t\t<div class=\"elementor-spacer\">\n\t\t\t<div class=\"elementor-spacer-inner\"><\/div>\n\t\t<\/div>\n\t\t\t\t\t\t<\/div>\n\t\t\t\t<\/div>\n\t\t\t\t<div class=\"elementor-element elementor-element-c6efa93 elementor-widget elementor-widget-text-editor\" data-id=\"c6efa93\" data-element_type=\"widget\" data-e-type=\"widget\" data-widget_type=\"text-editor.default\">\n\t\t\t\t<div class=\"elementor-widget-container\">\n\t\t\t\t\t\t\t\t\t<p>In unserem ganzj\u00e4hrigen Outdoor-Bereich finden Sie alles, was das Designerherz auch unter freien Himmel h\u00f6herschlagen l\u00e4sst. Wir setzen auf Premium-Hersteller wie Dedon, Trib\u00f9 und Fast \u2013 echte Pioniere im Bereich Outdoor-M\u00f6bel und erg\u00e4nzen unser Sortiment mit frischen, innovativen Kollektionen von Marken wie Houe und Weltevree.<\/p><p>Von Tischgruppen \u00fcber Loungem\u00f6bel bis zu Poolliegen, Beleuchtung und Outdoor-Teppichen: Wir planen und realisieren Ihren Au\u00dfenbereich mit langlebigen, wetterfesten L\u00f6sungen \u2013 abgestimmt auf Ihre W\u00fcnsche und die Architektur Ihres Hauses.<\/p><p>Lassen Sie sich pers\u00f6nlich beraten: Besuchen Sie unsere Outdoor-Ausstellung oder vereinbaren Sie einen Termin per Telefon oder \u00fcber unser\u00a0<a href=\"https:\/\/lw32.de\/cms\/kontaktformular-2\/\">Kontaktformular<\/a>. Wir freuen uns darauf, Ihren Au\u00dfenbereich neu zu denken!<\/p>\t\t\t\t\t\t\t\t<\/div>\n\t\t\t\t<\/div>\n\t\t\t\t\t<\/div>\n\t\t<\/div>\n\t\t\t\t\t<\/div>\n\t\t<\/section>\n\t\t\t\t<section class=\"has_eae_slider elementor-section elementor-top-section elementor-element elementor-element-0730a9a elementor-section-boxed elementor-section-height-default elementor-section-height-default\" data-eae-slider=\"98866\" data-id=\"0730a9a\" data-element_type=\"section\" data-e-type=\"section\">\n\t\t\t\t\t\t<div class=\"elementor-container elementor-column-gap-wide\">\n\t\t\t\t\t<div class=\"has_eae_slider elementor-column elementor-col-100 elementor-top-column elementor-element elementor-element-e609e5b\" data-eae-slider=\"22124\" data-id=\"e609e5b\" data-element_type=\"column\" data-e-type=\"column\">\n\t\t\t<div class=\"elementor-widget-wrap elementor-element-populated\">\n\t\t\t\t\t\t<div class=\"elementor-element elementor-element-d504522 elementor-widget__width-inherit elementor-arrows-position-inside elementor-widget elementor-widget-image-carousel\" data-id=\"d504522\" data-element_type=\"widget\" data-e-type=\"widget\" data-settings=\"{&quot;slides_to_show&quot;:&quot;1&quot;,&quot;navigation&quot;:&quot;arrows&quot;,&quot;autoplay&quot;:&quot;yes&quot;,&quot;pause_on_hover&quot;:&quot;yes&quot;,&quot;pause_on_interaction&quot;:&quot;yes&quot;,&quot;autoplay_speed&quot;:5000,&quot;infinite&quot;:&quot;yes&quot;,&quot;effect&quot;:&quot;slide&quot;,&quot;speed&quot;:500}\" data-widget_type=\"image-carousel.default\">\n\t\t\t\t<div class=\"elementor-widget-container\">\n\t\t\t\t\t\t\t<div class=\"elementor-image-carousel-wrapper swiper\" role=\"region\" aria-roledescription=\"carousel\" aria-label=\"Bild Karussell\" dir=\"ltr\">\n\t\t\t<div class=\"elementor-image-carousel swiper-wrapper\" aria-live=\"off\">\n\t\t\t\t\t\t\t\t<div class=\"swiper-slide\" role=\"group\" aria-roledescription=\"slide\" aria-label=\"1 von 8\"><figure class=\"swiper-slide-inner\"><img decoding=\"async\" class=\"swiper-slide-image\" src=\"https:\/\/lw32.de\/cms\/wp-content\/uploads\/2026\/03\/FAST-STUHL.png\" alt=\"FAST STUHL\" \/><\/figure><\/div><div class=\"swiper-slide\" role=\"group\" aria-roledescription=\"slide\" aria-label=\"2 von 8\"><figure class=\"swiper-slide-inner\"><img decoding=\"async\" class=\"swiper-slide-image\" src=\"https:\/\/lw32.de\/cms\/wp-content\/uploads\/2026\/03\/FAST-FORREST.png\" alt=\"FAST FORREST\" \/><\/figure><\/div><div class=\"swiper-slide\" role=\"group\" aria-roledescription=\"slide\" aria-label=\"3 von 8\"><figure class=\"swiper-slide-inner\"><img decoding=\"async\" class=\"swiper-slide-image\" src=\"https:\/\/lw32.de\/cms\/wp-content\/uploads\/2026\/03\/TRIBU-NATAL-ALU.png\" alt=\"TRIBU NATAL ALU\" \/><\/figure><\/div><div class=\"swiper-slide\" role=\"group\" aria-roledescription=\"slide\" aria-label=\"4 von 8\"><figure class=\"swiper-slide-inner\"><img decoding=\"async\" class=\"swiper-slide-image\" src=\"https:\/\/lw32.de\/cms\/wp-content\/uploads\/2026\/03\/HOUE-TISCHE.png\" alt=\"HOUE TISCHE\" \/><\/figure><\/div><div class=\"swiper-slide\" role=\"group\" aria-roledescription=\"slide\" aria-label=\"5 von 8\"><figure class=\"swiper-slide-inner\"><img decoding=\"async\" class=\"swiper-slide-image\" src=\"https:\/\/lw32.de\/cms\/wp-content\/uploads\/2026\/03\/HOUE-CLICK.png\" alt=\"HOUE CLICK\" \/><\/figure><\/div><div class=\"swiper-slide\" role=\"group\" aria-roledescription=\"slide\" aria-label=\"6 von 8\"><figure class=\"swiper-slide-inner\"><img decoding=\"async\" class=\"swiper-slide-image\" src=\"https:\/\/lw32.de\/cms\/wp-content\/uploads\/2026\/03\/TRIBU.png\" alt=\"TRIBU\" \/><\/figure><\/div><div class=\"swiper-slide\" role=\"group\" aria-roledescription=\"slide\" aria-label=\"7 von 8\"><figure class=\"swiper-slide-inner\"><img decoding=\"async\" class=\"swiper-slide-image\" src=\"https:\/\/lw32.de\/cms\/wp-content\/uploads\/2026\/03\/HOUE-TISCH.png\" alt=\"HOUE TISCH\" \/><\/figure><\/div><div class=\"swiper-slide\" role=\"group\" aria-roledescription=\"slide\" aria-label=\"8 von 8\"><figure class=\"swiper-slide-inner\"><img decoding=\"async\" class=\"swiper-slide-image\" src=\"https:\/\/lw32.de\/cms\/wp-content\/uploads\/2026\/03\/DEDON-MDEAR.png\" alt=\"DEDON MDEAR\" \/><\/figure><\/div>\t\t\t<\/div>\n\t\t\t\t\t\t\t\t\t\t\t\t<div class=\"elementor-swiper-button elementor-swiper-button-prev\" role=\"button\" tabindex=\"0\">\n\t\t\t\t\t\t<i aria-hidden=\"true\" class=\"eicon-chevron-left\"><\/i>\t\t\t\t\t<\/div>\n\t\t\t\t\t<div class=\"elementor-swiper-button elementor-swiper-button-next\" role=\"button\" tabindex=\"0\">\n\t\t\t\t\t\t<i aria-hidden=\"true\" class=\"eicon-chevron-right\"><\/i>\t\t\t\t\t<\/div>\n\t\t\t\t\n\t\t\t\t\t\t\t\t\t<\/div>\n\t\t\t\t\t\t<\/div>\n\t\t\t\t<\/div>\n\t\t\t\t\t<\/div>\n\t\t<\/div>\n\t\t\t\t\t<\/div>\n\t\t<\/section>\n\t\t\t\t<\/div>\n\t\t","protected":false},"excerpt":{"rendered":"<p>OUTDOOR + LIVING Design mit frischem Wind In unserem ganzj\u00e4hrigen Outdoor-Bereich finden Sie alles, was das Designerherz auch unter freien Himmel h\u00f6herschlagen l\u00e4sst. Wir setzen auf Premium-Hersteller wie Dedon, Trib\u00f9 und Fast \u2013 echte Pioniere im Bereich Outdoor-M\u00f6bel und erg\u00e4nzen unser Sortiment mit frischen, innovativen Kollektionen von Marken wie Houe und Weltevree. Von Tischgruppen \u00fcber [&hellip;]<\/p>\n","protected":false},"author":1,"featured_media":0,"parent":0,"menu_order":0,"comment_status":"closed","ping_status":"closed","template":"","meta":{"ocean_post_layout":"full-screen","ocean_both_sidebars_style":"","ocean_both_sidebars_content_width":0,"ocean_both_sidebars_sidebars_width":0,"ocean_sidebar":"0","ocean_second_sidebar":"0","ocean_disable_margins":"enable","ocean_add_body_class":"","ocean_shortcode_before_top_bar":"","ocean_shortcode_after_top_bar":"","ocean_shortcode_before_header":"","ocean_shortcode_after_header":"","ocean_has_shortcode":"","ocean_shortcode_after_title":"","ocean_shortcode_before_footer_widgets":"","ocean_shortcode_after_footer_widgets":"","ocean_shortcode_before_footer_bottom":"","ocean_shortcode_after_footer_bottom":"","ocean_display_top_bar":"off","ocean_display_header":"default","ocean_header_style":"","ocean_center_header_left_menu":"0","ocean_custom_header_template":"0","ocean_custom_logo":0,"ocean_custom_retina_logo":0,"ocean_custom_logo_max_width":0,"ocean_custom_logo_tablet_max_width":0,"ocean_custom_logo_mobile_max_width":0,"ocean_custom_logo_max_height":0,"ocean_custom_logo_tablet_max_height":0,"ocean_custom_logo_mobile_max_height":0,"ocean_header_custom_menu":"0","ocean_menu_typo_font_family":"0","ocean_menu_typo_font_subset":"","ocean_menu_typo_font_size":0,"ocean_menu_typo_font_size_tablet":0,"ocean_menu_typo_font_size_mobile":0,"ocean_menu_typo_font_size_unit":"px","ocean_menu_typo_font_weight":"","ocean_menu_typo_font_weight_tablet":"","ocean_menu_typo_font_weight_mobile":"","ocean_menu_typo_transform":"","ocean_menu_typo_transform_tablet":"","ocean_menu_typo_transform_mobile":"","ocean_menu_typo_line_height":0,"ocean_menu_typo_line_height_tablet":0,"ocean_menu_typo_line_height_mobile":0,"ocean_menu_typo_line_height_unit":"","ocean_menu_typo_spacing":0,"ocean_menu_typo_spacing_tablet":0,"ocean_menu_typo_spacing_mobile":0,"ocean_menu_typo_spacing_unit":"","ocean_menu_link_color":"","ocean_menu_link_color_hover":"","ocean_menu_link_color_active":"","ocean_menu_link_background":"","ocean_menu_link_hover_background":"","ocean_menu_link_active_background":"","ocean_menu_social_links_bg":"","ocean_menu_social_hover_links_bg":"","ocean_menu_social_links_color":"","ocean_menu_social_hover_links_color":"","ocean_disable_title":"on","ocean_disable_heading":"default","ocean_post_title":"","ocean_post_subheading":"","ocean_post_title_style":"","ocean_post_title_background_color":"","ocean_post_title_background":0,"ocean_post_title_bg_image_position":"","ocean_post_title_bg_image_attachment":"","ocean_post_title_bg_image_repeat":"","ocean_post_title_bg_image_size":"","ocean_post_title_height":0,"ocean_post_title_bg_overlay":0.5,"ocean_post_title_bg_overlay_color":"","ocean_disable_breadcrumbs":"default","ocean_breadcrumbs_color":"","ocean_breadcrumbs_separator_color":"","ocean_breadcrumbs_links_color":"","ocean_breadcrumbs_links_hover_color":"","ocean_display_footer_widgets":"off","ocean_display_footer_bottom":"off","ocean_custom_footer_template":"0","footnotes":""},"class_list":["post-5914","page","type-page","status-publish","hentry","entry"],"yoast_head":"<!-- This site is optimized with the Yoast SEO plugin v27.6 - https:\/\/yoast.com\/product\/yoast-seo-wordpress\/ -->\n<title>Outdoor - Licht+Wohnen<\/title>\n<meta name=\"robots\" content=\"index, follow, max-snippet:-1, max-image-preview:large, max-video-preview:-1\" \/>\n<link rel=\"canonical\" href=\"https:\/\/lw32.de\/cms\/outdoor\/\" \/>\n<meta property=\"og:locale\" content=\"de_DE\" \/>\n<meta property=\"og:type\" content=\"article\" \/>\n<meta property=\"og:title\" content=\"Outdoor - Licht+Wohnen\" \/>\n<meta property=\"og:description\" content=\"OUTDOOR + LIVING Design mit frischem Wind In unserem ganzj\u00e4hrigen Outdoor-Bereich finden Sie alles, was das Designerherz auch unter freien Himmel h\u00f6herschlagen l\u00e4sst. Wir setzen auf Premium-Hersteller wie Dedon, Trib\u00f9 und Fast \u2013 echte Pioniere im Bereich Outdoor-M\u00f6bel und erg\u00e4nzen unser Sortiment mit frischen, innovativen Kollektionen von Marken wie Houe und Weltevree. Von Tischgruppen \u00fcber [&hellip;]\" \/>\n<meta property=\"og:url\" content=\"https:\/\/lw32.de\/cms\/outdoor\/\" \/>\n<meta property=\"og:site_name\" content=\"Licht+Wohnen\" \/>\n<meta property=\"article:publisher\" content=\"https:\/\/www.facebook.com\/LichtWohnen\/?locale=de_DE\" \/>\n<meta property=\"article:modified_time\" content=\"2026-03-25T09:40:10+00:00\" \/>\n<meta property=\"og:image\" content=\"https:\/\/lw32.de\/cms\/wp-content\/uploads\/2026\/03\/Design-ohne-Titel12.png\" \/>\n\t<meta property=\"og:image:width\" content=\"1920\" \/>\n\t<meta property=\"og:image:height\" content=\"1080\" \/>\n\t<meta property=\"og:image:type\" content=\"image\/png\" \/>\n<meta name=\"twitter:card\" content=\"summary_large_image\" \/>\n<meta name=\"twitter:label1\" content=\"Gesch\u00e4tzte Lesezeit\" \/>\n\t<meta name=\"twitter:data1\" content=\"3\u00a0Minuten\" \/>\n<script type=\"application\/ld+json\" class=\"yoast-schema-graph\">{\"@context\":\"https:\\\/\\\/schema.org\",\"@graph\":[{\"@type\":\"WebPage\",\"@id\":\"https:\\\/\\\/lw32.de\\\/cms\\\/outdoor\\\/\",\"url\":\"https:\\\/\\\/lw32.de\\\/cms\\\/outdoor\\\/\",\"name\":\"Outdoor - Licht+Wohnen\",\"isPartOf\":{\"@id\":\"https:\\\/\\\/lw32.de\\\/cms\\\/#website\"},\"primaryImageOfPage\":{\"@id\":\"https:\\\/\\\/lw32.de\\\/cms\\\/outdoor\\\/#primaryimage\"},\"image\":{\"@id\":\"https:\\\/\\\/lw32.de\\\/cms\\\/outdoor\\\/#primaryimage\"},\"thumbnailUrl\":\"https:\\\/\\\/lw32.de\\\/cms\\\/wp-content\\\/uploads\\\/2026\\\/03\\\/Design-ohne-Titel12.png\",\"datePublished\":\"2024-04-02T10:10:25+00:00\",\"dateModified\":\"2026-03-25T09:40:10+00:00\",\"breadcrumb\":{\"@id\":\"https:\\\/\\\/lw32.de\\\/cms\\\/outdoor\\\/#breadcrumb\"},\"inLanguage\":\"de\",\"potentialAction\":[{\"@type\":\"ReadAction\",\"target\":[\"https:\\\/\\\/lw32.de\\\/cms\\\/outdoor\\\/\"]}]},{\"@type\":\"ImageObject\",\"inLanguage\":\"de\",\"@id\":\"https:\\\/\\\/lw32.de\\\/cms\\\/outdoor\\\/#primaryimage\",\"url\":\"https:\\\/\\\/lw32.de\\\/cms\\\/wp-content\\\/uploads\\\/2026\\\/03\\\/Design-ohne-Titel12.png\",\"contentUrl\":\"https:\\\/\\\/lw32.de\\\/cms\\\/wp-content\\\/uploads\\\/2026\\\/03\\\/Design-ohne-Titel12.png\",\"width\":1920,\"height\":1080,\"caption\":\"Dedon Karlsruhe\"},{\"@type\":\"BreadcrumbList\",\"@id\":\"https:\\\/\\\/lw32.de\\\/cms\\\/outdoor\\\/#breadcrumb\",\"itemListElement\":[{\"@type\":\"ListItem\",\"position\":1,\"name\":\"Startseite\",\"item\":\"https:\\\/\\\/lw32.de\\\/cms\\\/\"},{\"@type\":\"ListItem\",\"position\":2,\"name\":\"Outdoor\"}]},{\"@type\":\"WebSite\",\"@id\":\"https:\\\/\\\/lw32.de\\\/cms\\\/#website\",\"url\":\"https:\\\/\\\/lw32.de\\\/cms\\\/\",\"name\":\"Licht+Wohnen\",\"description\":\"Das Einrichtungshaus in Karlsruhe\",\"publisher\":{\"@id\":\"https:\\\/\\\/lw32.de\\\/cms\\\/#organization\"},\"potentialAction\":[{\"@type\":\"SearchAction\",\"target\":{\"@type\":\"EntryPoint\",\"urlTemplate\":\"https:\\\/\\\/lw32.de\\\/cms\\\/?s={search_term_string}\"},\"query-input\":{\"@type\":\"PropertyValueSpecification\",\"valueRequired\":true,\"valueName\":\"search_term_string\"}}],\"inLanguage\":\"de\"},{\"@type\":\"Organization\",\"@id\":\"https:\\\/\\\/lw32.de\\\/cms\\\/#organization\",\"name\":\"Licht+Wohnen\",\"url\":\"https:\\\/\\\/lw32.de\\\/cms\\\/\",\"logo\":{\"@type\":\"ImageObject\",\"inLanguage\":\"de\",\"@id\":\"https:\\\/\\\/lw32.de\\\/cms\\\/#\\\/schema\\\/logo\\\/image\\\/\",\"url\":\"https:\\\/\\\/lw32.de\\\/cms\\\/wp-content\\\/uploads\\\/2025\\\/06\\\/cropped-cropped-luw_logo_claim_.png\",\"contentUrl\":\"https:\\\/\\\/lw32.de\\\/cms\\\/wp-content\\\/uploads\\\/2025\\\/06\\\/cropped-cropped-luw_logo_claim_.png\",\"width\":988,\"height\":441,\"caption\":\"Licht+Wohnen\"},\"image\":{\"@id\":\"https:\\\/\\\/lw32.de\\\/cms\\\/#\\\/schema\\\/logo\\\/image\\\/\"},\"sameAs\":[\"https:\\\/\\\/www.facebook.com\\\/LichtWohnen\\\/?locale=de_DE\",\"https:\\\/\\\/www.instagram.com\\\/lichtwohnen\\\/?hl=de\"]}]}<\/script>\n<!-- \/ Yoast SEO plugin. -->","yoast_head_json":{"title":"Outdoor - Licht+Wohnen","robots":{"index":"index","follow":"follow","max-snippet":"max-snippet:-1","max-image-preview":"max-image-preview:large","max-video-preview":"max-video-preview:-1"},"canonical":"https:\/\/lw32.de\/cms\/outdoor\/","og_locale":"de_DE","og_type":"article","og_title":"Outdoor - Licht+Wohnen","og_description":"OUTDOOR + LIVING Design mit frischem Wind In unserem ganzj\u00e4hrigen Outdoor-Bereich finden Sie alles, was das Designerherz auch unter freien Himmel h\u00f6herschlagen l\u00e4sst. Wir setzen auf Premium-Hersteller wie Dedon, Trib\u00f9 und Fast \u2013 echte Pioniere im Bereich Outdoor-M\u00f6bel und erg\u00e4nzen unser Sortiment mit frischen, innovativen Kollektionen von Marken wie Houe und Weltevree. Von Tischgruppen \u00fcber [&hellip;]","og_url":"https:\/\/lw32.de\/cms\/outdoor\/","og_site_name":"Licht+Wohnen","article_publisher":"https:\/\/www.facebook.com\/LichtWohnen\/?locale=de_DE","article_modified_time":"2026-03-25T09:40:10+00:00","og_image":[{"width":1920,"height":1080,"url":"https:\/\/lw32.de\/cms\/wp-content\/uploads\/2026\/03\/Design-ohne-Titel12.png","type":"image\/png"}],"twitter_card":"summary_large_image","twitter_misc":{"Gesch\u00e4tzte Lesezeit":"3\u00a0Minuten"},"schema":{"@context":"https:\/\/schema.org","@graph":[{"@type":"WebPage","@id":"https:\/\/lw32.de\/cms\/outdoor\/","url":"https:\/\/lw32.de\/cms\/outdoor\/","name":"Outdoor - Licht+Wohnen","isPartOf":{"@id":"https:\/\/lw32.de\/cms\/#website"},"primaryImageOfPage":{"@id":"https:\/\/lw32.de\/cms\/outdoor\/#primaryimage"},"image":{"@id":"https:\/\/lw32.de\/cms\/outdoor\/#primaryimage"},"thumbnailUrl":"https:\/\/lw32.de\/cms\/wp-content\/uploads\/2026\/03\/Design-ohne-Titel12.png","datePublished":"2024-04-02T10:10:25+00:00","dateModified":"2026-03-25T09:40:10+00:00","breadcrumb":{"@id":"https:\/\/lw32.de\/cms\/outdoor\/#breadcrumb"},"inLanguage":"de","potentialAction":[{"@type":"ReadAction","target":["https:\/\/lw32.de\/cms\/outdoor\/"]}]},{"@type":"ImageObject","inLanguage":"de","@id":"https:\/\/lw32.de\/cms\/outdoor\/#primaryimage","url":"https:\/\/lw32.de\/cms\/wp-content\/uploads\/2026\/03\/Design-ohne-Titel12.png","contentUrl":"https:\/\/lw32.de\/cms\/wp-content\/uploads\/2026\/03\/Design-ohne-Titel12.png","width":1920,"height":1080,"caption":"Dedon Karlsruhe"},{"@type":"BreadcrumbList","@id":"https:\/\/lw32.de\/cms\/outdoor\/#breadcrumb","itemListElement":[{"@type":"ListItem","position":1,"name":"Startseite","item":"https:\/\/lw32.de\/cms\/"},{"@type":"ListItem","position":2,"name":"Outdoor"}]},{"@type":"WebSite","@id":"https:\/\/lw32.de\/cms\/#website","url":"https:\/\/lw32.de\/cms\/","name":"Licht+Wohnen","description":"Das Einrichtungshaus in Karlsruhe","publisher":{"@id":"https:\/\/lw32.de\/cms\/#organization"},"potentialAction":[{"@type":"SearchAction","target":{"@type":"EntryPoint","urlTemplate":"https:\/\/lw32.de\/cms\/?s={search_term_string}"},"query-input":{"@type":"PropertyValueSpecification","valueRequired":true,"valueName":"search_term_string"}}],"inLanguage":"de"},{"@type":"Organization","@id":"https:\/\/lw32.de\/cms\/#organization","name":"Licht+Wohnen","url":"https:\/\/lw32.de\/cms\/","logo":{"@type":"ImageObject","inLanguage":"de","@id":"https:\/\/lw32.de\/cms\/#\/schema\/logo\/image\/","url":"https:\/\/lw32.de\/cms\/wp-content\/uploads\/2025\/06\/cropped-cropped-luw_logo_claim_.png","contentUrl":"https:\/\/lw32.de\/cms\/wp-content\/uploads\/2025\/06\/cropped-cropped-luw_logo_claim_.png","width":988,"height":441,"caption":"Licht+Wohnen"},"image":{"@id":"https:\/\/lw32.de\/cms\/#\/schema\/logo\/image\/"},"sameAs":["https:\/\/www.facebook.com\/LichtWohnen\/?locale=de_DE","https:\/\/www.instagram.com\/lichtwohnen\/?hl=de"]}]}},"jetpack_sharing_enabled":true,"_links":{"self":[{"href":"https:\/\/lw32.de\/cms\/wp-json\/wp\/v2\/pages\/5914","targetHints":{"allow":["GET"]}}],"collection":[{"href":"https:\/\/lw32.de\/cms\/wp-json\/wp\/v2\/pages"}],"about":[{"href":"https:\/\/lw32.de\/cms\/wp-json\/wp\/v2\/types\/page"}],"author":[{"embeddable":true,"href":"https:\/\/lw32.de\/cms\/wp-json\/wp\/v2\/users\/1"}],"replies":[{"embeddable":true,"href":"https:\/\/lw32.de\/cms\/wp-json\/wp\/v2\/comments?post=5914"}],"version-history":[{"count":10,"href":"https:\/\/lw32.de\/cms\/wp-json\/wp\/v2\/pages\/5914\/revisions"}],"predecessor-version":[{"id":8034,"href":"https:\/\/lw32.de\/cms\/wp-json\/wp\/v2\/pages\/5914\/revisions\/8034"}],"wp:attachment":[{"href":"https:\/\/lw32.de\/cms\/wp-json\/wp\/v2\/media?parent=5914"}],"curies":[{"name":"wp","href":"https:\/\/api.w.org\/{rel}","templated":true}]}}