{"id":5148,"date":"2023-11-12T11:56:40","date_gmt":"2023-11-12T10:56:40","guid":{"rendered":"https:\/\/lw32.de\/cms\/?page_id=5148"},"modified":"2026-03-30T09:40:02","modified_gmt":"2026-03-30T07:40:02","slug":"initiativbewerbung","status":"publish","type":"page","link":"https:\/\/lw32.de\/cms\/initiativbewerbung\/","title":{"rendered":"Initiativbewerbung"},"content":{"rendered":"\t\t<div data-elementor-type=\"wp-page\" data-elementor-id=\"5148\" class=\"elementor elementor-5148\">\n\t\t\t\t\t\t<section class=\"has_eae_slider elementor-section elementor-top-section elementor-element elementor-element-75917a8 elementor-section-boxed elementor-section-height-default elementor-section-height-default\" data-eae-slider=\"22939\" data-id=\"75917a8\" data-element_type=\"section\" data-e-type=\"section\">\n\t\t\t\t\t\t<div class=\"elementor-container elementor-column-gap-default\">\n\t\t\t\t\t<div class=\"has_eae_slider elementor-column elementor-col-100 elementor-top-column elementor-element elementor-element-8f10d25\" data-eae-slider=\"74369\" data-id=\"8f10d25\" data-element_type=\"column\" data-e-type=\"column\">\n\t\t\t<div class=\"elementor-widget-wrap elementor-element-populated\">\n\t\t\t\t\t\t<div class=\"elementor-element elementor-element-5a7d3b3 elementor-widget elementor-widget-spacer\" data-id=\"5a7d3b3\" data-element_type=\"widget\" data-e-type=\"widget\" data-widget_type=\"spacer.default\">\n\t\t\t\t<div class=\"elementor-widget-container\">\n\t\t\t\t\t\t\t<div class=\"elementor-spacer\">\n\t\t\t<div class=\"elementor-spacer-inner\"><\/div>\n\t\t<\/div>\n\t\t\t\t\t\t<\/div>\n\t\t\t\t<\/div>\n\t\t\t\t\t<\/div>\n\t\t<\/div>\n\t\t\t\t\t<\/div>\n\t\t<\/section>\n\t\t\t\t<section class=\"has_eae_slider elementor-section elementor-top-section elementor-element elementor-element-cf72a59 elementor-section-boxed elementor-section-height-default elementor-section-height-default\" data-eae-slider=\"99374\" data-id=\"cf72a59\" data-element_type=\"section\" data-e-type=\"section\">\n\t\t\t\t\t\t<div class=\"elementor-container elementor-column-gap-wide\">\n\t\t\t\t\t<div class=\"has_eae_slider elementor-column elementor-col-100 elementor-top-column elementor-element elementor-element-3f08afd\" data-eae-slider=\"59409\" data-id=\"3f08afd\" data-element_type=\"column\" data-e-type=\"column\">\n\t\t\t<div class=\"elementor-widget-wrap elementor-element-populated\">\n\t\t\t\t\t\t<div class=\"elementor-element elementor-element-ccfed3f elementor-widget elementor-widget-heading\" data-id=\"ccfed3f\" data-element_type=\"widget\" data-e-type=\"widget\" data-widget_type=\"heading.default\">\n\t\t\t\t<div class=\"elementor-widget-container\">\n\t\t\t\t\t<h1 class=\"elementor-heading-title elementor-size-default\">Initiativbewerbung bei Licht + Wohnen in Karlsruhe \u2013 wir freuen uns auf Ihre Bewerbung.<\/h1>\t\t\t\t<\/div>\n\t\t\t\t<\/div>\n\t\t\t\t<div class=\"elementor-element elementor-element-b51ddf7 elementor-widget elementor-widget-text-editor\" data-id=\"b51ddf7\" data-element_type=\"widget\" data-e-type=\"widget\" data-widget_type=\"text-editor.default\">\n\t\t\t\t<div class=\"elementor-widget-container\">\n\t\t\t\t\t\t\t\t\t<p data-start=\"440\" data-end=\"737\">Unser Team lebt von Menschen mit Pers\u00f6nlichkeit. Bei Licht + Wohnen in Karlsruhe arbeiten wir mit Leidenschaft f\u00fcr gutes Design, einem Blick f\u00fcr das Besondere und einem starken Teamgeist. Jeder bringt seine eigenen Ideen, Erfahrungen und St\u00e4rken ein \u2013 genau das macht unser Einrichtungshaus aus.<\/p><p data-start=\"744\" data-end=\"1098\">Wenn Sie diese Leidenschaft teilen und sich vorstellen k\u00f6nnen, unser Team zu bereichern, freuen wir uns \u00fcber Ihre Initiativbewerbung. Ob im Bereich Einrichtungsberatung, Innenarchitektur, K\u00fcchenplanung oder anderen kreativen Aufgabenfeldern \u2013 wir sind immer offen f\u00fcr engagierte Pers\u00f6nlichkeiten, die unsere Begeisterung f\u00fcr stilvolles Einrichten teilen.<\/p>\t\t\t\t\t\t\t\t<\/div>\n\t\t\t\t<\/div>\n\t\t\t\t\t<\/div>\n\t\t<\/div>\n\t\t\t\t\t<\/div>\n\t\t<\/section>\n\t\t\t\t<section class=\"has_eae_slider elementor-section elementor-top-section elementor-element elementor-element-dfbd75d elementor-section-boxed elementor-section-height-default elementor-section-height-default\" data-eae-slider=\"16936\" data-id=\"dfbd75d\" data-element_type=\"section\" data-e-type=\"section\">\n\t\t\t\t\t\t<div class=\"elementor-container elementor-column-gap-wide\">\n\t\t\t\t\t<div class=\"has_eae_slider elementor-column elementor-col-100 elementor-top-column elementor-element elementor-element-66e0854\" data-eae-slider=\"40998\" data-id=\"66e0854\" data-element_type=\"column\" data-e-type=\"column\">\n\t\t\t<div class=\"elementor-widget-wrap elementor-element-populated\">\n\t\t\t\t\t\t<div class=\"elementor-element elementor-element-8405d08 elementor-widget elementor-widget-text-editor\" data-id=\"8405d08\" data-element_type=\"widget\" data-e-type=\"widget\" data-widget_type=\"text-editor.default\">\n\t\t\t\t<div class=\"elementor-widget-container\">\n\t\t\t\t\t\t\t\t\t<p data-start=\"932\" data-end=\"991\"><strong data-start=\"932\" data-end=\"989\">Aktuelle Einsatzbereiche f\u00fcr Ihre Initiativbewerbung:<\/strong><\/p><p data-start=\"998\" data-end=\"1123\">\u2022 Einrichtungsberater:in (m\/w\/d)<br data-start=\"1030\" data-end=\"1033\" \/>\u2022 Innenarchitekt:in (m\/w\/d)<br data-start=\"1062\" data-end=\"1065\" \/>\u2022 K\u00fcchenberater:in (m\/w\/d)<br data-start=\"1093\" data-end=\"1096\" \/>\u2022 Elektroniker:in (m\/w\/d)<\/p>\t\t\t\t\t\t\t\t<\/div>\n\t\t\t\t<\/div>\n\t\t\t\t\t<\/div>\n\t\t<\/div>\n\t\t\t\t\t<\/div>\n\t\t<\/section>\n\t\t\t\t<section class=\"has_eae_slider elementor-section elementor-top-section elementor-element elementor-element-123c929 elementor-section-boxed elementor-section-height-default elementor-section-height-default\" data-eae-slider=\"38891\" data-id=\"123c929\" data-element_type=\"section\" data-e-type=\"section\">\n\t\t\t\t\t\t<div class=\"elementor-container elementor-column-gap-wide\">\n\t\t\t\t\t<div class=\"has_eae_slider elementor-column elementor-col-100 elementor-top-column elementor-element elementor-element-25d5d24\" data-eae-slider=\"3710\" data-id=\"25d5d24\" data-element_type=\"column\" data-e-type=\"column\">\n\t\t\t<div class=\"elementor-widget-wrap elementor-element-populated\">\n\t\t\t\t\t\t<div class=\"elementor-element elementor-element-222deb6 elementor-widget elementor-widget-spacer\" data-id=\"222deb6\" data-element_type=\"widget\" data-e-type=\"widget\" data-widget_type=\"spacer.default\">\n\t\t\t\t<div class=\"elementor-widget-container\">\n\t\t\t\t\t\t\t<div class=\"elementor-spacer\">\n\t\t\t<div class=\"elementor-spacer-inner\"><\/div>\n\t\t<\/div>\n\t\t\t\t\t\t<\/div>\n\t\t\t\t<\/div>\n\t\t\t\t<div class=\"elementor-element elementor-element-d466e11 elementor-widget elementor-widget-image\" data-id=\"d466e11\" data-element_type=\"widget\" data-e-type=\"widget\" data-widget_type=\"image.default\">\n\t\t\t\t<div class=\"elementor-widget-container\">\n\t\t\t\t\t\t\t\t\t\t\t\t\t\t\t<img fetchpriority=\"high\" decoding=\"async\" width=\"2000\" height=\"1600\" src=\"https:\/\/lw32.de\/cms\/wp-content\/uploads\/2026\/03\/Design-ohne-Titel1.png\" class=\"attachment-full size-full wp-image-8046\" alt=\"Mitarbeiter Karlsruhe\" srcset=\"https:\/\/lw32.de\/cms\/wp-content\/uploads\/2026\/03\/Design-ohne-Titel1.png 2000w, https:\/\/lw32.de\/cms\/wp-content\/uploads\/2026\/03\/Design-ohne-Titel1-300x240.png 300w, https:\/\/lw32.de\/cms\/wp-content\/uploads\/2026\/03\/Design-ohne-Titel1-1024x819.png 1024w, https:\/\/lw32.de\/cms\/wp-content\/uploads\/2026\/03\/Design-ohne-Titel1-768x614.png 768w, https:\/\/lw32.de\/cms\/wp-content\/uploads\/2026\/03\/Design-ohne-Titel1-1536x1229.png 1536w\" sizes=\"(max-width: 2000px) 100vw, 2000px\" \/>\t\t\t\t\t\t\t\t\t\t\t\t\t\t\t<\/div>\n\t\t\t\t<\/div>\n\t\t\t\t\t<\/div>\n\t\t<\/div>\n\t\t\t\t\t<\/div>\n\t\t<\/section>\n\t\t\t\t<section class=\"has_eae_slider elementor-section elementor-top-section elementor-element elementor-element-9b273e7 elementor-section-boxed elementor-section-height-default elementor-section-height-default\" data-eae-slider=\"91483\" data-id=\"9b273e7\" data-element_type=\"section\" data-e-type=\"section\">\n\t\t\t\t\t\t<div class=\"elementor-container elementor-column-gap-default\">\n\t\t\t\t\t<div class=\"has_eae_slider elementor-column elementor-col-100 elementor-top-column elementor-element elementor-element-9e4c42f\" data-eae-slider=\"17005\" data-id=\"9e4c42f\" data-element_type=\"column\" data-e-type=\"column\">\n\t\t\t<div class=\"elementor-widget-wrap elementor-element-populated\">\n\t\t\t\t\t\t<div class=\"elementor-element elementor-element-520b24e elementor-widget elementor-widget-spacer\" data-id=\"520b24e\" data-element_type=\"widget\" data-e-type=\"widget\" data-widget_type=\"spacer.default\">\n\t\t\t\t<div class=\"elementor-widget-container\">\n\t\t\t\t\t\t\t<div class=\"elementor-spacer\">\n\t\t\t<div class=\"elementor-spacer-inner\"><\/div>\n\t\t<\/div>\n\t\t\t\t\t\t<\/div>\n\t\t\t\t<\/div>\n\t\t\t\t\t<\/div>\n\t\t<\/div>\n\t\t\t\t\t<\/div>\n\t\t<\/section>\n\t\t\t\t<\/div>\n\t\t","protected":false},"excerpt":{"rendered":"<p>Initiativbewerbung bei Licht + Wohnen in Karlsruhe \u2013 wir freuen uns auf Ihre Bewerbung. Unser Team lebt von Menschen mit Pers\u00f6nlichkeit. Bei Licht + Wohnen in Karlsruhe arbeiten wir mit Leidenschaft f\u00fcr gutes Design, einem Blick f\u00fcr das Besondere und einem starken Teamgeist. Jeder bringt seine eigenen Ideen, Erfahrungen und St\u00e4rken ein \u2013 genau das [&hellip;]<\/p>\n","protected":false},"author":1,"featured_media":0,"parent":0,"menu_order":0,"comment_status":"closed","ping_status":"closed","template":"","meta":{"ocean_post_layout":"full-screen","ocean_both_sidebars_style":"","ocean_both_sidebars_content_width":0,"ocean_both_sidebars_sidebars_width":0,"ocean_sidebar":"0","ocean_second_sidebar":"0","ocean_disable_margins":"enable","ocean_add_body_class":"","ocean_shortcode_before_top_bar":"","ocean_shortcode_after_top_bar":"","ocean_shortcode_before_header":"","ocean_shortcode_after_header":"","ocean_has_shortcode":"","ocean_shortcode_after_title":"","ocean_shortcode_before_footer_widgets":"","ocean_shortcode_after_footer_widgets":"","ocean_shortcode_before_footer_bottom":"","ocean_shortcode_after_footer_bottom":"","ocean_display_top_bar":"off","ocean_display_header":"default","ocean_header_style":"","ocean_center_header_left_menu":"0","ocean_custom_header_template":"0","ocean_custom_logo":0,"ocean_custom_retina_logo":0,"ocean_custom_logo_max_width":0,"ocean_custom_logo_tablet_max_width":0,"ocean_custom_logo_mobile_max_width":0,"ocean_custom_logo_max_height":0,"ocean_custom_logo_tablet_max_height":0,"ocean_custom_logo_mobile_max_height":0,"ocean_header_custom_menu":"0","ocean_menu_typo_font_family":"0","ocean_menu_typo_font_subset":"","ocean_menu_typo_font_size":0,"ocean_menu_typo_font_size_tablet":0,"ocean_menu_typo_font_size_mobile":0,"ocean_menu_typo_font_size_unit":"px","ocean_menu_typo_font_weight":"","ocean_menu_typo_font_weight_tablet":"","ocean_menu_typo_font_weight_mobile":"","ocean_menu_typo_transform":"","ocean_menu_typo_transform_tablet":"","ocean_menu_typo_transform_mobile":"","ocean_menu_typo_line_height":0,"ocean_menu_typo_line_height_tablet":0,"ocean_menu_typo_line_height_mobile":0,"ocean_menu_typo_line_height_unit":"","ocean_menu_typo_spacing":0,"ocean_menu_typo_spacing_tablet":0,"ocean_menu_typo_spacing_mobile":0,"ocean_menu_typo_spacing_unit":"","ocean_menu_link_color":"","ocean_menu_link_color_hover":"","ocean_menu_link_color_active":"","ocean_menu_link_background":"","ocean_menu_link_hover_background":"","ocean_menu_link_active_background":"","ocean_menu_social_links_bg":"","ocean_menu_social_hover_links_bg":"","ocean_menu_social_links_color":"","ocean_menu_social_hover_links_color":"","ocean_disable_title":"on","ocean_disable_heading":"default","ocean_post_title":"","ocean_post_subheading":"","ocean_post_title_style":"","ocean_post_title_background_color":"","ocean_post_title_background":0,"ocean_post_title_bg_image_position":"","ocean_post_title_bg_image_attachment":"","ocean_post_title_bg_image_repeat":"","ocean_post_title_bg_image_size":"","ocean_post_title_height":0,"ocean_post_title_bg_overlay":0.5,"ocean_post_title_bg_overlay_color":"","ocean_disable_breadcrumbs":"default","ocean_breadcrumbs_color":"","ocean_breadcrumbs_separator_color":"","ocean_breadcrumbs_links_color":"","ocean_breadcrumbs_links_hover_color":"","ocean_display_footer_widgets":"off","ocean_display_footer_bottom":"off","ocean_custom_footer_template":"0","footnotes":""},"class_list":["post-5148","page","type-page","status-publish","hentry","entry"],"yoast_head":"<!-- This site is optimized with the Yoast SEO plugin v27.3 - https:\/\/yoast.com\/product\/yoast-seo-wordpress\/ -->\n<title>Initiativbewerbung Karlsruhe | Licht + Wohnen<\/title>\n<meta name=\"description\" content=\"Initiativbewerbung bei Licht + Wohnen in Karlsruhe. Werden Sie Teil unseres Teams und bewerben Sie sich initiativ.\" \/>\n<meta name=\"robots\" content=\"index, follow, max-snippet:-1, max-image-preview:large, max-video-preview:-1\" \/>\n<link rel=\"canonical\" href=\"https:\/\/lw32.de\/cms\/initiativbewerbung\/\" \/>\n<meta property=\"og:locale\" content=\"de_DE\" \/>\n<meta property=\"og:type\" content=\"article\" \/>\n<meta property=\"og:title\" content=\"Initiativbewerbung Karlsruhe | Licht + Wohnen\" \/>\n<meta property=\"og:description\" content=\"Initiativbewerbung bei Licht + Wohnen in Karlsruhe. Werden Sie Teil unseres Teams und bewerben Sie sich initiativ.\" \/>\n<meta property=\"og:url\" content=\"https:\/\/lw32.de\/cms\/initiativbewerbung\/\" \/>\n<meta property=\"og:site_name\" content=\"Licht+Wohnen\" \/>\n<meta property=\"article:publisher\" content=\"https:\/\/www.facebook.com\/LichtWohnen\/?locale=de_DE\" \/>\n<meta property=\"article:modified_time\" content=\"2026-03-30T07:40:02+00:00\" \/>\n<meta property=\"og:image\" content=\"https:\/\/lw32.de\/cms\/wp-content\/uploads\/2026\/03\/Design-ohne-Titel1-1024x819.png\" \/>\n\t<meta property=\"og:image:width\" content=\"1024\" \/>\n\t<meta property=\"og:image:height\" content=\"819\" \/>\n\t<meta property=\"og:image:type\" content=\"image\/png\" \/>\n<meta name=\"twitter:card\" content=\"summary_large_image\" \/>\n<meta name=\"twitter:label1\" content=\"Gesch\u00e4tzte Lesezeit\" \/>\n\t<meta name=\"twitter:data1\" content=\"1\u00a0Minute\" \/>\n<script type=\"application\/ld+json\" class=\"yoast-schema-graph\">{\"@context\":\"https:\\\/\\\/schema.org\",\"@graph\":[{\"@type\":\"WebPage\",\"@id\":\"https:\\\/\\\/lw32.de\\\/cms\\\/initiativbewerbung\\\/\",\"url\":\"https:\\\/\\\/lw32.de\\\/cms\\\/initiativbewerbung\\\/\",\"name\":\"Initiativbewerbung Karlsruhe | Licht + Wohnen\",\"isPartOf\":{\"@id\":\"https:\\\/\\\/lw32.de\\\/cms\\\/#website\"},\"primaryImageOfPage\":{\"@id\":\"https:\\\/\\\/lw32.de\\\/cms\\\/initiativbewerbung\\\/#primaryimage\"},\"image\":{\"@id\":\"https:\\\/\\\/lw32.de\\\/cms\\\/initiativbewerbung\\\/#primaryimage\"},\"thumbnailUrl\":\"https:\\\/\\\/lw32.de\\\/cms\\\/wp-content\\\/uploads\\\/2026\\\/03\\\/Design-ohne-Titel1.png\",\"datePublished\":\"2023-11-12T10:56:40+00:00\",\"dateModified\":\"2026-03-30T07:40:02+00:00\",\"description\":\"Initiativbewerbung bei Licht + Wohnen in Karlsruhe. Werden Sie Teil unseres Teams und bewerben Sie sich initiativ.\",\"breadcrumb\":{\"@id\":\"https:\\\/\\\/lw32.de\\\/cms\\\/initiativbewerbung\\\/#breadcrumb\"},\"inLanguage\":\"de\",\"potentialAction\":[{\"@type\":\"ReadAction\",\"target\":[\"https:\\\/\\\/lw32.de\\\/cms\\\/initiativbewerbung\\\/\"]}]},{\"@type\":\"ImageObject\",\"inLanguage\":\"de\",\"@id\":\"https:\\\/\\\/lw32.de\\\/cms\\\/initiativbewerbung\\\/#primaryimage\",\"url\":\"https:\\\/\\\/lw32.de\\\/cms\\\/wp-content\\\/uploads\\\/2026\\\/03\\\/Design-ohne-Titel1.png\",\"contentUrl\":\"https:\\\/\\\/lw32.de\\\/cms\\\/wp-content\\\/uploads\\\/2026\\\/03\\\/Design-ohne-Titel1.png\",\"width\":2000,\"height\":1600,\"caption\":\"Mitarbeiter Karlsruhe\"},{\"@type\":\"BreadcrumbList\",\"@id\":\"https:\\\/\\\/lw32.de\\\/cms\\\/initiativbewerbung\\\/#breadcrumb\",\"itemListElement\":[{\"@type\":\"ListItem\",\"position\":1,\"name\":\"Startseite\",\"item\":\"https:\\\/\\\/lw32.de\\\/cms\\\/\"},{\"@type\":\"ListItem\",\"position\":2,\"name\":\"Initiativbewerbung\"}]},{\"@type\":\"WebSite\",\"@id\":\"https:\\\/\\\/lw32.de\\\/cms\\\/#website\",\"url\":\"https:\\\/\\\/lw32.de\\\/cms\\\/\",\"name\":\"Licht+Wohnen\",\"description\":\"Das Einrichtungshaus in Karlsruhe\",\"publisher\":{\"@id\":\"https:\\\/\\\/lw32.de\\\/cms\\\/#organization\"},\"potentialAction\":[{\"@type\":\"SearchAction\",\"target\":{\"@type\":\"EntryPoint\",\"urlTemplate\":\"https:\\\/\\\/lw32.de\\\/cms\\\/?s={search_term_string}\"},\"query-input\":{\"@type\":\"PropertyValueSpecification\",\"valueRequired\":true,\"valueName\":\"search_term_string\"}}],\"inLanguage\":\"de\"},{\"@type\":\"Organization\",\"@id\":\"https:\\\/\\\/lw32.de\\\/cms\\\/#organization\",\"name\":\"Licht+Wohnen\",\"url\":\"https:\\\/\\\/lw32.de\\\/cms\\\/\",\"logo\":{\"@type\":\"ImageObject\",\"inLanguage\":\"de\",\"@id\":\"https:\\\/\\\/lw32.de\\\/cms\\\/#\\\/schema\\\/logo\\\/image\\\/\",\"url\":\"https:\\\/\\\/lw32.de\\\/cms\\\/wp-content\\\/uploads\\\/2025\\\/06\\\/cropped-cropped-luw_logo_claim_.png\",\"contentUrl\":\"https:\\\/\\\/lw32.de\\\/cms\\\/wp-content\\\/uploads\\\/2025\\\/06\\\/cropped-cropped-luw_logo_claim_.png\",\"width\":988,\"height\":441,\"caption\":\"Licht+Wohnen\"},\"image\":{\"@id\":\"https:\\\/\\\/lw32.de\\\/cms\\\/#\\\/schema\\\/logo\\\/image\\\/\"},\"sameAs\":[\"https:\\\/\\\/www.facebook.com\\\/LichtWohnen\\\/?locale=de_DE\",\"https:\\\/\\\/www.instagram.com\\\/lichtwohnen\\\/?hl=de\"]}]}<\/script>\n<!-- \/ Yoast SEO plugin. -->","yoast_head_json":{"title":"Initiativbewerbung Karlsruhe | Licht + Wohnen","description":"Initiativbewerbung bei Licht + Wohnen in Karlsruhe. Werden Sie Teil unseres Teams und bewerben Sie sich initiativ.","robots":{"index":"index","follow":"follow","max-snippet":"max-snippet:-1","max-image-preview":"max-image-preview:large","max-video-preview":"max-video-preview:-1"},"canonical":"https:\/\/lw32.de\/cms\/initiativbewerbung\/","og_locale":"de_DE","og_type":"article","og_title":"Initiativbewerbung Karlsruhe | Licht + Wohnen","og_description":"Initiativbewerbung bei Licht + Wohnen in Karlsruhe. Werden Sie Teil unseres Teams und bewerben Sie sich initiativ.","og_url":"https:\/\/lw32.de\/cms\/initiativbewerbung\/","og_site_name":"Licht+Wohnen","article_publisher":"https:\/\/www.facebook.com\/LichtWohnen\/?locale=de_DE","article_modified_time":"2026-03-30T07:40:02+00:00","og_image":[{"width":1024,"height":819,"url":"https:\/\/lw32.de\/cms\/wp-content\/uploads\/2026\/03\/Design-ohne-Titel1-1024x819.png","type":"image\/png"}],"twitter_card":"summary_large_image","twitter_misc":{"Gesch\u00e4tzte Lesezeit":"1\u00a0Minute"},"schema":{"@context":"https:\/\/schema.org","@graph":[{"@type":"WebPage","@id":"https:\/\/lw32.de\/cms\/initiativbewerbung\/","url":"https:\/\/lw32.de\/cms\/initiativbewerbung\/","name":"Initiativbewerbung Karlsruhe | Licht + Wohnen","isPartOf":{"@id":"https:\/\/lw32.de\/cms\/#website"},"primaryImageOfPage":{"@id":"https:\/\/lw32.de\/cms\/initiativbewerbung\/#primaryimage"},"image":{"@id":"https:\/\/lw32.de\/cms\/initiativbewerbung\/#primaryimage"},"thumbnailUrl":"https:\/\/lw32.de\/cms\/wp-content\/uploads\/2026\/03\/Design-ohne-Titel1.png","datePublished":"2023-11-12T10:56:40+00:00","dateModified":"2026-03-30T07:40:02+00:00","description":"Initiativbewerbung bei Licht + Wohnen in Karlsruhe. Werden Sie Teil unseres Teams und bewerben Sie sich initiativ.","breadcrumb":{"@id":"https:\/\/lw32.de\/cms\/initiativbewerbung\/#breadcrumb"},"inLanguage":"de","potentialAction":[{"@type":"ReadAction","target":["https:\/\/lw32.de\/cms\/initiativbewerbung\/"]}]},{"@type":"ImageObject","inLanguage":"de","@id":"https:\/\/lw32.de\/cms\/initiativbewerbung\/#primaryimage","url":"https:\/\/lw32.de\/cms\/wp-content\/uploads\/2026\/03\/Design-ohne-Titel1.png","contentUrl":"https:\/\/lw32.de\/cms\/wp-content\/uploads\/2026\/03\/Design-ohne-Titel1.png","width":2000,"height":1600,"caption":"Mitarbeiter Karlsruhe"},{"@type":"BreadcrumbList","@id":"https:\/\/lw32.de\/cms\/initiativbewerbung\/#breadcrumb","itemListElement":[{"@type":"ListItem","position":1,"name":"Startseite","item":"https:\/\/lw32.de\/cms\/"},{"@type":"ListItem","position":2,"name":"Initiativbewerbung"}]},{"@type":"WebSite","@id":"https:\/\/lw32.de\/cms\/#website","url":"https:\/\/lw32.de\/cms\/","name":"Licht+Wohnen","description":"Das Einrichtungshaus in Karlsruhe","publisher":{"@id":"https:\/\/lw32.de\/cms\/#organization"},"potentialAction":[{"@type":"SearchAction","target":{"@type":"EntryPoint","urlTemplate":"https:\/\/lw32.de\/cms\/?s={search_term_string}"},"query-input":{"@type":"PropertyValueSpecification","valueRequired":true,"valueName":"search_term_string"}}],"inLanguage":"de"},{"@type":"Organization","@id":"https:\/\/lw32.de\/cms\/#organization","name":"Licht+Wohnen","url":"https:\/\/lw32.de\/cms\/","logo":{"@type":"ImageObject","inLanguage":"de","@id":"https:\/\/lw32.de\/cms\/#\/schema\/logo\/image\/","url":"https:\/\/lw32.de\/cms\/wp-content\/uploads\/2025\/06\/cropped-cropped-luw_logo_claim_.png","contentUrl":"https:\/\/lw32.de\/cms\/wp-content\/uploads\/2025\/06\/cropped-cropped-luw_logo_claim_.png","width":988,"height":441,"caption":"Licht+Wohnen"},"image":{"@id":"https:\/\/lw32.de\/cms\/#\/schema\/logo\/image\/"},"sameAs":["https:\/\/www.facebook.com\/LichtWohnen\/?locale=de_DE","https:\/\/www.instagram.com\/lichtwohnen\/?hl=de"]}]}},"jetpack_sharing_enabled":true,"_links":{"self":[{"href":"https:\/\/lw32.de\/cms\/wp-json\/wp\/v2\/pages\/5148","targetHints":{"allow":["GET"]}}],"collection":[{"href":"https:\/\/lw32.de\/cms\/wp-json\/wp\/v2\/pages"}],"about":[{"href":"https:\/\/lw32.de\/cms\/wp-json\/wp\/v2\/types\/page"}],"author":[{"embeddable":true,"href":"https:\/\/lw32.de\/cms\/wp-json\/wp\/v2\/users\/1"}],"replies":[{"embeddable":true,"href":"https:\/\/lw32.de\/cms\/wp-json\/wp\/v2\/comments?post=5148"}],"version-history":[{"count":10,"href":"https:\/\/lw32.de\/cms\/wp-json\/wp\/v2\/pages\/5148\/revisions"}],"predecessor-version":[{"id":8052,"href":"https:\/\/lw32.de\/cms\/wp-json\/wp\/v2\/pages\/5148\/revisions\/8052"}],"wp:attachment":[{"href":"https:\/\/lw32.de\/cms\/wp-json\/wp\/v2\/media?parent=5148"}],"curies":[{"name":"wp","href":"https:\/\/api.w.org\/{rel}","templated":true}]}}