{"id":1419,"date":"2023-04-01T20:28:15","date_gmt":"2023-04-01T18:28:15","guid":{"rendered":"https:\/\/lw32.de\/cms\/?page_id=1419"},"modified":"2025-06-24T17:16:24","modified_gmt":"2025-06-24T15:16:24","slug":"raumplanung","status":"publish","type":"page","link":"https:\/\/lw32.de\/cms\/raumplanung\/","title":{"rendered":"Raumplanung"},"content":{"rendered":"\t\t<div data-elementor-type=\"wp-page\" data-elementor-id=\"1419\" class=\"elementor elementor-1419\">\n\t\t\t\t\t\t<section class=\"has_eae_slider elementor-section elementor-top-section elementor-element elementor-element-c5bb2f4 elementor-section-boxed elementor-section-height-default elementor-section-height-default\" data-eae-slider=\"39417\" data-id=\"c5bb2f4\" data-element_type=\"section\" data-e-type=\"section\">\n\t\t\t\t\t\t<div class=\"elementor-container elementor-column-gap-extended\">\n\t\t\t\t\t<div class=\"has_eae_slider elementor-column elementor-col-100 elementor-top-column elementor-element elementor-element-d42b859\" data-eae-slider=\"80662\" data-id=\"d42b859\" data-element_type=\"column\" data-e-type=\"column\">\n\t\t\t<div class=\"elementor-widget-wrap elementor-element-populated\">\n\t\t\t\t\t\t<div class=\"elementor-element elementor-element-6e48e25 elementor-widget elementor-widget-image\" data-id=\"6e48e25\" data-element_type=\"widget\" data-e-type=\"widget\" data-widget_type=\"image.default\">\n\t\t\t\t<div class=\"elementor-widget-container\">\n\t\t\t\t\t\t\t\t\t\t\t\t\t\t\t<img decoding=\"async\" src=\"https:\/\/lw32.de\/cms\/wp-content\/uploads\/2023\/04\/Leistungen-Moebel-scaled.jpg\" title=\"\" alt=\"\" loading=\"lazy\" \/>\t\t\t\t\t\t\t\t\t\t\t\t\t\t\t<\/div>\n\t\t\t\t<\/div>\n\t\t\t\t\t<\/div>\n\t\t<\/div>\n\t\t\t\t\t<\/div>\n\t\t<\/section>\n\t\t\t\t<section class=\"has_eae_slider elementor-section elementor-top-section elementor-element elementor-element-bc5cd2c elementor-section-boxed elementor-section-height-default elementor-section-height-default\" data-eae-slider=\"72463\" data-id=\"bc5cd2c\" data-element_type=\"section\" data-e-type=\"section\">\n\t\t\t\t\t\t<div class=\"elementor-container elementor-column-gap-extended\">\n\t\t\t\t\t<div class=\"has_eae_slider elementor-column elementor-col-100 elementor-top-column elementor-element elementor-element-3395f1b\" data-eae-slider=\"83380\" data-id=\"3395f1b\" data-element_type=\"column\" data-e-type=\"column\">\n\t\t\t<div class=\"elementor-widget-wrap elementor-element-populated\">\n\t\t\t\t\t\t<section class=\"has_eae_slider elementor-section elementor-inner-section elementor-element elementor-element-1d91c41 elementor-section-boxed elementor-section-height-default elementor-section-height-default\" data-eae-slider=\"72533\" data-id=\"1d91c41\" data-element_type=\"section\" data-e-type=\"section\">\n\t\t\t\t\t\t<div class=\"elementor-container elementor-column-gap-default\">\n\t\t\t\t\t<div class=\"has_eae_slider elementor-column elementor-col-100 elementor-inner-column elementor-element elementor-element-d131800\" data-eae-slider=\"12315\" data-id=\"d131800\" data-element_type=\"column\" data-e-type=\"column\">\n\t\t\t<div class=\"elementor-widget-wrap elementor-element-populated\">\n\t\t\t\t\t\t<div class=\"elementor-element elementor-element-a9c7a31 elementor-widget elementor-widget-spacer\" data-id=\"a9c7a31\" data-element_type=\"widget\" data-e-type=\"widget\" data-widget_type=\"spacer.default\">\n\t\t\t\t<div class=\"elementor-widget-container\">\n\t\t\t\t\t\t\t<div class=\"elementor-spacer\">\n\t\t\t<div class=\"elementor-spacer-inner\"><\/div>\n\t\t<\/div>\n\t\t\t\t\t\t<\/div>\n\t\t\t\t<\/div>\n\t\t\t\t\t<\/div>\n\t\t<\/div>\n\t\t\t\t\t<\/div>\n\t\t<\/section>\n\t\t\t\t<div class=\"elementor-element elementor-element-d8170c2 elementor-widget elementor-widget-heading\" data-id=\"d8170c2\" data-element_type=\"widget\" data-e-type=\"widget\" data-widget_type=\"heading.default\">\n\t\t\t\t<div class=\"elementor-widget-container\">\n\t\t\t\t\t<h2 class=\"elementor-heading-title elementor-size-default\">RAUMPLANUNG<\/h2>\t\t\t\t<\/div>\n\t\t\t\t<\/div>\n\t\t\t\t<div class=\"elementor-element elementor-element-61aaa57 elementor-widget elementor-widget-heading\" data-id=\"61aaa57\" data-element_type=\"widget\" data-e-type=\"widget\" data-widget_type=\"heading.default\">\n\t\t\t\t<div class=\"elementor-widget-container\">\n\t\t\t\t\t<h2 class=\"elementor-heading-title elementor-size-default\">Wir machen aus Ihren R\u00e4umen ein Zuhause zum Wohlf\u00fchlen<\/h2>\t\t\t\t<\/div>\n\t\t\t\t<\/div>\n\t\t\t\t<div class=\"elementor-element elementor-element-2f2cc19 elementor-widget elementor-widget-spacer\" data-id=\"2f2cc19\" data-element_type=\"widget\" data-e-type=\"widget\" data-widget_type=\"spacer.default\">\n\t\t\t\t<div class=\"elementor-widget-container\">\n\t\t\t\t\t\t\t<div class=\"elementor-spacer\">\n\t\t\t<div class=\"elementor-spacer-inner\"><\/div>\n\t\t<\/div>\n\t\t\t\t\t\t<\/div>\n\t\t\t\t<\/div>\n\t\t\t\t<div class=\"elementor-element elementor-element-8ee8ee7 elementor-widget elementor-widget-text-editor\" data-id=\"8ee8ee7\" data-element_type=\"widget\" data-e-type=\"widget\" data-widget_type=\"text-editor.default\">\n\t\t\t\t<div class=\"elementor-widget-container\">\n\t\t\t\t\t\t\t\t\t<p>Wir machen aus Ihren R\u00e4umen ein Zuhause zum Wohlf\u00fchlen. Einen sch\u00f6nen Ort, an dem Sie sich gerne aufhalten. Ein Ort, der alles bietet: Raum f\u00fcr R\u00fcckzug, Ruhe und Entspannung, aber auch f\u00fcr die gesellige Begegnung mit Familie, Freunden und G\u00e4sten. Raum f\u00fcr gemeinsames Kochen und Genie\u00dfen, Miteinander und Austausch. Ganz egal, ob Sie \u201enur\u201c ein einzelnes M\u00f6belst\u00fcck, Inspiration f\u00fcr einen bestimmten Raum oder ein Gesamtkonzept f\u00fcr Ihre Einrichtung ben\u00f6tigen, wir gehen individuell auf Ihre W\u00fcnsche und Bed\u00fcrfnisse ein. Mit unserem Gesp\u00fcr f\u00fcr das Besondere bieten wir Ihnen aus den Kollektionen der namhaften Hersteller ein exklusives Sortiment aus modernen Klassikern und besonderen Highlights, abgerundet durch Neuheiten mit dem Potenzial f\u00fcr Trends von morgen. Unser erfahrenes Team aus Architekten, Innenarchitekten und Einrichtungsberatern begleitet Sie Schritt f\u00fcr Schritt \u2013 von der Planung, \u00fcber die M\u00f6bel- und Materialauswahl bis zur Lieferung und Montage.<\/p><p><span style=\"font-family: &quot;Roboto Condensed&quot;, sans-serif; font-size: 28px; font-style: normal; font-variant-ligatures: normal; font-variant-caps: normal; font-weight: 200;\">Lassen Sie sich pers\u00f6nlich beraten: Besuchen Sie uns im Showroom oder vereinbaren Sie einen Termin per Telefon oder \u00fcber unser&nbsp;<\/span><span style=\"font-variant-ligatures: normal; font-variant-caps: normal; font-family: &quot;Roboto Condensed&quot;, sans-serif; font-size: 28px; font-style: normal; font-weight: 200; text-decoration-line: underline;\"><a href=\"https:\/\/lw32.de\/cms\/kontaktformular-2\/\" style=\"font-size: 28px; transition-property: all;\">Kontaktformular<\/a><\/span><span style=\"font-family: &quot;Roboto Condensed&quot;, sans-serif; font-size: 28px; font-style: normal; font-variant-ligatures: normal; font-variant-caps: normal; font-weight: 200;\">. Wir freuen uns darauf, mit ihnen ihr Zuhause neu zu gestalten!<\/span><\/p>\t\t\t\t\t\t\t\t<\/div>\n\t\t\t\t<\/div>\n\t\t\t\t\t<\/div>\n\t\t<\/div>\n\t\t\t\t\t<\/div>\n\t\t<\/section>\n\t\t\t\t<section class=\"has_eae_slider elementor-section elementor-top-section elementor-element elementor-element-420d1c5 elementor-section-boxed elementor-section-height-default elementor-section-height-default\" data-eae-slider=\"53467\" data-id=\"420d1c5\" data-element_type=\"section\" data-e-type=\"section\">\n\t\t\t\t\t\t<div class=\"elementor-container elementor-column-gap-wide\">\n\t\t\t\t\t<div class=\"has_eae_slider elementor-column elementor-col-100 elementor-top-column elementor-element elementor-element-e1a92d4\" data-eae-slider=\"54542\" data-id=\"e1a92d4\" data-element_type=\"column\" data-e-type=\"column\">\n\t\t\t<div class=\"elementor-widget-wrap elementor-element-populated\">\n\t\t\t\t\t\t<div class=\"elementor-element elementor-element-bb23508 elementor-widget elementor-widget-spacer\" data-id=\"bb23508\" data-element_type=\"widget\" data-e-type=\"widget\" data-widget_type=\"spacer.default\">\n\t\t\t\t<div class=\"elementor-widget-container\">\n\t\t\t\t\t\t\t<div class=\"elementor-spacer\">\n\t\t\t<div class=\"elementor-spacer-inner\"><\/div>\n\t\t<\/div>\n\t\t\t\t\t\t<\/div>\n\t\t\t\t<\/div>\n\t\t\t\t<div class=\"elementor-element elementor-element-c0ba32c elementor-arrows-position-inside elementor-widget elementor-widget-image-carousel\" data-id=\"c0ba32c\" data-element_type=\"widget\" data-e-type=\"widget\" data-settings=\"{&quot;slides_to_show&quot;:&quot;1&quot;,&quot;navigation&quot;:&quot;arrows&quot;,&quot;pause_on_hover&quot;:&quot;no&quot;,&quot;autoplay_speed&quot;:3500,&quot;speed&quot;:1000,&quot;autoplay&quot;:&quot;yes&quot;,&quot;pause_on_interaction&quot;:&quot;yes&quot;,&quot;infinite&quot;:&quot;yes&quot;,&quot;effect&quot;:&quot;slide&quot;}\" data-widget_type=\"image-carousel.default\">\n\t\t\t\t<div class=\"elementor-widget-container\">\n\t\t\t\t\t\t\t<div class=\"elementor-image-carousel-wrapper swiper\" role=\"region\" aria-roledescription=\"carousel\" aria-label=\"Bild Karussell\" dir=\"ltr\">\n\t\t\t<div class=\"elementor-image-carousel swiper-wrapper\" aria-live=\"off\">\n\t\t\t\t\t\t\t\t<div class=\"swiper-slide\" role=\"group\" aria-roledescription=\"slide\" aria-label=\"1 von 5\"><figure class=\"swiper-slide-inner\"><img decoding=\"async\" class=\"swiper-slide-image\" src=\"https:\/\/lw32.de\/cms\/wp-content\/uploads\/2023\/04\/bridge-2.jpg\" alt=\"bridge 2\" \/><\/figure><\/div><div class=\"swiper-slide\" role=\"group\" aria-roledescription=\"slide\" aria-label=\"2 von 5\"><figure class=\"swiper-slide-inner\"><img decoding=\"async\" class=\"swiper-slide-image\" src=\"https:\/\/lw32.de\/cms\/wp-content\/uploads\/2023\/04\/Mell-1.jpg\" alt=\"\" \/><\/figure><\/div><div class=\"swiper-slide\" role=\"group\" aria-roledescription=\"slide\" aria-label=\"3 von 5\"><figure class=\"swiper-slide-inner\"><img decoding=\"async\" class=\"swiper-slide-image\" src=\"https:\/\/lw32.de\/cms\/wp-content\/uploads\/2023\/04\/SOMA-1.jpg\" alt=\"\" \/><\/figure><\/div><div class=\"swiper-slide\" role=\"group\" aria-roledescription=\"slide\" aria-label=\"4 von 5\"><figure class=\"swiper-slide-inner\"><img decoding=\"async\" class=\"swiper-slide-image\" src=\"https:\/\/lw32.de\/cms\/wp-content\/uploads\/2023\/04\/SOMA-2.jpg\" alt=\"SOMA 2\" \/><\/figure><\/div><div class=\"swiper-slide\" role=\"group\" aria-roledescription=\"slide\" aria-label=\"5 von 5\"><figure class=\"swiper-slide-inner\"><img decoding=\"async\" class=\"swiper-slide-image\" src=\"https:\/\/lw32.de\/cms\/wp-content\/uploads\/2023\/04\/Tufty1.jpg\" alt=\"Tufty1\" \/><\/figure><\/div>\t\t\t<\/div>\n\t\t\t\t\t\t\t\t\t\t\t\t<div class=\"elementor-swiper-button elementor-swiper-button-prev\" role=\"button\" tabindex=\"0\">\n\t\t\t\t\t\t<i aria-hidden=\"true\" class=\"eicon-chevron-left\"><\/i>\t\t\t\t\t<\/div>\n\t\t\t\t\t<div class=\"elementor-swiper-button elementor-swiper-button-next\" role=\"button\" tabindex=\"0\">\n\t\t\t\t\t\t<i aria-hidden=\"true\" class=\"eicon-chevron-right\"><\/i>\t\t\t\t\t<\/div>\n\t\t\t\t\n\t\t\t\t\t\t\t\t\t<\/div>\n\t\t\t\t\t\t<\/div>\n\t\t\t\t<\/div>\n\t\t\t\t<div class=\"elementor-element elementor-element-3f551c9 elementor-widget elementor-widget-spacer\" data-id=\"3f551c9\" data-element_type=\"widget\" data-e-type=\"widget\" data-widget_type=\"spacer.default\">\n\t\t\t\t<div class=\"elementor-widget-container\">\n\t\t\t\t\t\t\t<div class=\"elementor-spacer\">\n\t\t\t<div class=\"elementor-spacer-inner\"><\/div>\n\t\t<\/div>\n\t\t\t\t\t\t<\/div>\n\t\t\t\t<\/div>\n\t\t\t\t\t<\/div>\n\t\t<\/div>\n\t\t\t\t\t<\/div>\n\t\t<\/section>\n\t\t\t\t<\/div>\n\t\t","protected":false},"excerpt":{"rendered":"<p>RAUMPLANUNG Wir machen aus Ihren R\u00e4umen ein Zuhause zum Wohlf\u00fchlen Wir machen aus Ihren R\u00e4umen ein Zuhause zum Wohlf\u00fchlen. Einen sch\u00f6nen Ort, an dem Sie sich gerne aufhalten. Ein Ort, der alles bietet: Raum f\u00fcr R\u00fcckzug, Ruhe und Entspannung, aber auch f\u00fcr die gesellige Begegnung mit Familie, Freunden und G\u00e4sten. Raum f\u00fcr gemeinsames Kochen und [&hellip;]<\/p>\n","protected":false},"author":1,"featured_media":0,"parent":0,"menu_order":0,"comment_status":"closed","ping_status":"closed","template":"","meta":{"ocean_post_layout":"full-screen","ocean_both_sidebars_style":"","ocean_both_sidebars_content_width":0,"ocean_both_sidebars_sidebars_width":0,"ocean_sidebar":"0","ocean_second_sidebar":"0","ocean_disable_margins":"enable","ocean_add_body_class":"","ocean_shortcode_before_top_bar":"","ocean_shortcode_after_top_bar":"","ocean_shortcode_before_header":"","ocean_shortcode_after_header":"","ocean_has_shortcode":"","ocean_shortcode_after_title":"","ocean_shortcode_before_footer_widgets":"","ocean_shortcode_after_footer_widgets":"","ocean_shortcode_before_footer_bottom":"","ocean_shortcode_after_footer_bottom":"","ocean_display_top_bar":"off","ocean_display_header":"default","ocean_header_style":"","ocean_center_header_left_menu":"0","ocean_custom_header_template":"0","ocean_custom_logo":0,"ocean_custom_retina_logo":0,"ocean_custom_logo_max_width":0,"ocean_custom_logo_tablet_max_width":0,"ocean_custom_logo_mobile_max_width":0,"ocean_custom_logo_max_height":0,"ocean_custom_logo_tablet_max_height":0,"ocean_custom_logo_mobile_max_height":0,"ocean_header_custom_menu":"0","ocean_menu_typo_font_family":"0","ocean_menu_typo_font_subset":"","ocean_menu_typo_font_size":0,"ocean_menu_typo_font_size_tablet":0,"ocean_menu_typo_font_size_mobile":0,"ocean_menu_typo_font_size_unit":"px","ocean_menu_typo_font_weight":"","ocean_menu_typo_font_weight_tablet":"","ocean_menu_typo_font_weight_mobile":"","ocean_menu_typo_transform":"","ocean_menu_typo_transform_tablet":"","ocean_menu_typo_transform_mobile":"","ocean_menu_typo_line_height":0,"ocean_menu_typo_line_height_tablet":0,"ocean_menu_typo_line_height_mobile":0,"ocean_menu_typo_line_height_unit":"","ocean_menu_typo_spacing":0,"ocean_menu_typo_spacing_tablet":0,"ocean_menu_typo_spacing_mobile":0,"ocean_menu_typo_spacing_unit":"","ocean_menu_link_color":"","ocean_menu_link_color_hover":"","ocean_menu_link_color_active":"","ocean_menu_link_background":"","ocean_menu_link_hover_background":"","ocean_menu_link_active_background":"","ocean_menu_social_links_bg":"","ocean_menu_social_hover_links_bg":"","ocean_menu_social_links_color":"","ocean_menu_social_hover_links_color":"","ocean_disable_title":"on","ocean_disable_heading":"default","ocean_post_title":"","ocean_post_subheading":"","ocean_post_title_style":"","ocean_post_title_background_color":"","ocean_post_title_background":0,"ocean_post_title_bg_image_position":"","ocean_post_title_bg_image_attachment":"","ocean_post_title_bg_image_repeat":"","ocean_post_title_bg_image_size":"","ocean_post_title_height":0,"ocean_post_title_bg_overlay":0.5,"ocean_post_title_bg_overlay_color":"","ocean_disable_breadcrumbs":"default","ocean_breadcrumbs_color":"","ocean_breadcrumbs_separator_color":"","ocean_breadcrumbs_links_color":"","ocean_breadcrumbs_links_hover_color":"","ocean_display_footer_widgets":"off","ocean_display_footer_bottom":"off","ocean_custom_footer_template":"0","footnotes":""},"class_list":["post-1419","page","type-page","status-publish","hentry","entry"],"yoast_head":"<!-- This site is optimized with the Yoast SEO plugin v27.3 - https:\/\/yoast.com\/product\/yoast-seo-wordpress\/ -->\n<title>Raumplanung - Licht+Wohnen<\/title>\n<meta name=\"robots\" content=\"index, follow, max-snippet:-1, max-image-preview:large, max-video-preview:-1\" \/>\n<link rel=\"canonical\" href=\"https:\/\/lw32.de\/cms\/raumplanung\/\" \/>\n<meta property=\"og:locale\" content=\"de_DE\" \/>\n<meta property=\"og:type\" content=\"article\" \/>\n<meta property=\"og:title\" content=\"Raumplanung - Licht+Wohnen\" \/>\n<meta property=\"og:description\" content=\"RAUMPLANUNG Wir machen aus Ihren R\u00e4umen ein Zuhause zum Wohlf\u00fchlen Wir machen aus Ihren R\u00e4umen ein Zuhause zum Wohlf\u00fchlen. Einen sch\u00f6nen Ort, an dem Sie sich gerne aufhalten. Ein Ort, der alles bietet: Raum f\u00fcr R\u00fcckzug, Ruhe und Entspannung, aber auch f\u00fcr die gesellige Begegnung mit Familie, Freunden und G\u00e4sten. Raum f\u00fcr gemeinsames Kochen und [&hellip;]\" \/>\n<meta property=\"og:url\" content=\"https:\/\/lw32.de\/cms\/raumplanung\/\" \/>\n<meta property=\"og:site_name\" content=\"Licht+Wohnen\" \/>\n<meta property=\"article:publisher\" content=\"https:\/\/www.facebook.com\/LichtWohnen\/?locale=de_DE\" \/>\n<meta property=\"article:modified_time\" content=\"2025-06-24T15:16:24+00:00\" \/>\n<meta property=\"og:image\" content=\"https:\/\/lw32.de\/cms\/wp-content\/uploads\/2023\/04\/Leistungen-Moebel-scaled.jpg\" \/>\n<meta name=\"twitter:card\" content=\"summary_large_image\" \/>\n<meta name=\"twitter:label1\" content=\"Gesch\u00e4tzte Lesezeit\" \/>\n\t<meta name=\"twitter:data1\" content=\"1\u00a0Minute\" \/>\n<script type=\"application\/ld+json\" class=\"yoast-schema-graph\">{\"@context\":\"https:\\\/\\\/schema.org\",\"@graph\":[{\"@type\":\"WebPage\",\"@id\":\"https:\\\/\\\/lw32.de\\\/cms\\\/raumplanung\\\/\",\"url\":\"https:\\\/\\\/lw32.de\\\/cms\\\/raumplanung\\\/\",\"name\":\"Raumplanung - Licht+Wohnen\",\"isPartOf\":{\"@id\":\"https:\\\/\\\/lw32.de\\\/cms\\\/#website\"},\"primaryImageOfPage\":{\"@id\":\"https:\\\/\\\/lw32.de\\\/cms\\\/raumplanung\\\/#primaryimage\"},\"image\":{\"@id\":\"https:\\\/\\\/lw32.de\\\/cms\\\/raumplanung\\\/#primaryimage\"},\"thumbnailUrl\":\"https:\\\/\\\/lw32.de\\\/cms\\\/wp-content\\\/uploads\\\/2023\\\/04\\\/Leistungen-Moebel-scaled.jpg\",\"datePublished\":\"2023-04-01T18:28:15+00:00\",\"dateModified\":\"2025-06-24T15:16:24+00:00\",\"breadcrumb\":{\"@id\":\"https:\\\/\\\/lw32.de\\\/cms\\\/raumplanung\\\/#breadcrumb\"},\"inLanguage\":\"de\",\"potentialAction\":[{\"@type\":\"ReadAction\",\"target\":[\"https:\\\/\\\/lw32.de\\\/cms\\\/raumplanung\\\/\"]}]},{\"@type\":\"ImageObject\",\"inLanguage\":\"de\",\"@id\":\"https:\\\/\\\/lw32.de\\\/cms\\\/raumplanung\\\/#primaryimage\",\"url\":\"\",\"contentUrl\":\"\"},{\"@type\":\"BreadcrumbList\",\"@id\":\"https:\\\/\\\/lw32.de\\\/cms\\\/raumplanung\\\/#breadcrumb\",\"itemListElement\":[{\"@type\":\"ListItem\",\"position\":1,\"name\":\"Startseite\",\"item\":\"https:\\\/\\\/lw32.de\\\/cms\\\/\"},{\"@type\":\"ListItem\",\"position\":2,\"name\":\"Raumplanung\"}]},{\"@type\":\"WebSite\",\"@id\":\"https:\\\/\\\/lw32.de\\\/cms\\\/#website\",\"url\":\"https:\\\/\\\/lw32.de\\\/cms\\\/\",\"name\":\"Licht+Wohnen\",\"description\":\"Das Einrichtungshaus in Karlsruhe\",\"publisher\":{\"@id\":\"https:\\\/\\\/lw32.de\\\/cms\\\/#organization\"},\"potentialAction\":[{\"@type\":\"SearchAction\",\"target\":{\"@type\":\"EntryPoint\",\"urlTemplate\":\"https:\\\/\\\/lw32.de\\\/cms\\\/?s={search_term_string}\"},\"query-input\":{\"@type\":\"PropertyValueSpecification\",\"valueRequired\":true,\"valueName\":\"search_term_string\"}}],\"inLanguage\":\"de\"},{\"@type\":\"Organization\",\"@id\":\"https:\\\/\\\/lw32.de\\\/cms\\\/#organization\",\"name\":\"Licht+Wohnen\",\"url\":\"https:\\\/\\\/lw32.de\\\/cms\\\/\",\"logo\":{\"@type\":\"ImageObject\",\"inLanguage\":\"de\",\"@id\":\"https:\\\/\\\/lw32.de\\\/cms\\\/#\\\/schema\\\/logo\\\/image\\\/\",\"url\":\"https:\\\/\\\/lw32.de\\\/cms\\\/wp-content\\\/uploads\\\/2025\\\/06\\\/cropped-cropped-luw_logo_claim_.png\",\"contentUrl\":\"https:\\\/\\\/lw32.de\\\/cms\\\/wp-content\\\/uploads\\\/2025\\\/06\\\/cropped-cropped-luw_logo_claim_.png\",\"width\":988,\"height\":441,\"caption\":\"Licht+Wohnen\"},\"image\":{\"@id\":\"https:\\\/\\\/lw32.de\\\/cms\\\/#\\\/schema\\\/logo\\\/image\\\/\"},\"sameAs\":[\"https:\\\/\\\/www.facebook.com\\\/LichtWohnen\\\/?locale=de_DE\",\"https:\\\/\\\/www.instagram.com\\\/lichtwohnen\\\/?hl=de\"]}]}<\/script>\n<!-- \/ Yoast SEO plugin. -->","yoast_head_json":{"title":"Raumplanung - Licht+Wohnen","robots":{"index":"index","follow":"follow","max-snippet":"max-snippet:-1","max-image-preview":"max-image-preview:large","max-video-preview":"max-video-preview:-1"},"canonical":"https:\/\/lw32.de\/cms\/raumplanung\/","og_locale":"de_DE","og_type":"article","og_title":"Raumplanung - Licht+Wohnen","og_description":"RAUMPLANUNG Wir machen aus Ihren R\u00e4umen ein Zuhause zum Wohlf\u00fchlen Wir machen aus Ihren R\u00e4umen ein Zuhause zum Wohlf\u00fchlen. Einen sch\u00f6nen Ort, an dem Sie sich gerne aufhalten. Ein Ort, der alles bietet: Raum f\u00fcr R\u00fcckzug, Ruhe und Entspannung, aber auch f\u00fcr die gesellige Begegnung mit Familie, Freunden und G\u00e4sten. Raum f\u00fcr gemeinsames Kochen und [&hellip;]","og_url":"https:\/\/lw32.de\/cms\/raumplanung\/","og_site_name":"Licht+Wohnen","article_publisher":"https:\/\/www.facebook.com\/LichtWohnen\/?locale=de_DE","article_modified_time":"2025-06-24T15:16:24+00:00","og_image":[{"url":"https:\/\/lw32.de\/cms\/wp-content\/uploads\/2023\/04\/Leistungen-Moebel-scaled.jpg","type":"","width":"","height":""}],"twitter_card":"summary_large_image","twitter_misc":{"Gesch\u00e4tzte Lesezeit":"1\u00a0Minute"},"schema":{"@context":"https:\/\/schema.org","@graph":[{"@type":"WebPage","@id":"https:\/\/lw32.de\/cms\/raumplanung\/","url":"https:\/\/lw32.de\/cms\/raumplanung\/","name":"Raumplanung - Licht+Wohnen","isPartOf":{"@id":"https:\/\/lw32.de\/cms\/#website"},"primaryImageOfPage":{"@id":"https:\/\/lw32.de\/cms\/raumplanung\/#primaryimage"},"image":{"@id":"https:\/\/lw32.de\/cms\/raumplanung\/#primaryimage"},"thumbnailUrl":"https:\/\/lw32.de\/cms\/wp-content\/uploads\/2023\/04\/Leistungen-Moebel-scaled.jpg","datePublished":"2023-04-01T18:28:15+00:00","dateModified":"2025-06-24T15:16:24+00:00","breadcrumb":{"@id":"https:\/\/lw32.de\/cms\/raumplanung\/#breadcrumb"},"inLanguage":"de","potentialAction":[{"@type":"ReadAction","target":["https:\/\/lw32.de\/cms\/raumplanung\/"]}]},{"@type":"ImageObject","inLanguage":"de","@id":"https:\/\/lw32.de\/cms\/raumplanung\/#primaryimage","url":"","contentUrl":""},{"@type":"BreadcrumbList","@id":"https:\/\/lw32.de\/cms\/raumplanung\/#breadcrumb","itemListElement":[{"@type":"ListItem","position":1,"name":"Startseite","item":"https:\/\/lw32.de\/cms\/"},{"@type":"ListItem","position":2,"name":"Raumplanung"}]},{"@type":"WebSite","@id":"https:\/\/lw32.de\/cms\/#website","url":"https:\/\/lw32.de\/cms\/","name":"Licht+Wohnen","description":"Das Einrichtungshaus in Karlsruhe","publisher":{"@id":"https:\/\/lw32.de\/cms\/#organization"},"potentialAction":[{"@type":"SearchAction","target":{"@type":"EntryPoint","urlTemplate":"https:\/\/lw32.de\/cms\/?s={search_term_string}"},"query-input":{"@type":"PropertyValueSpecification","valueRequired":true,"valueName":"search_term_string"}}],"inLanguage":"de"},{"@type":"Organization","@id":"https:\/\/lw32.de\/cms\/#organization","name":"Licht+Wohnen","url":"https:\/\/lw32.de\/cms\/","logo":{"@type":"ImageObject","inLanguage":"de","@id":"https:\/\/lw32.de\/cms\/#\/schema\/logo\/image\/","url":"https:\/\/lw32.de\/cms\/wp-content\/uploads\/2025\/06\/cropped-cropped-luw_logo_claim_.png","contentUrl":"https:\/\/lw32.de\/cms\/wp-content\/uploads\/2025\/06\/cropped-cropped-luw_logo_claim_.png","width":988,"height":441,"caption":"Licht+Wohnen"},"image":{"@id":"https:\/\/lw32.de\/cms\/#\/schema\/logo\/image\/"},"sameAs":["https:\/\/www.facebook.com\/LichtWohnen\/?locale=de_DE","https:\/\/www.instagram.com\/lichtwohnen\/?hl=de"]}]}},"jetpack_sharing_enabled":true,"_links":{"self":[{"href":"https:\/\/lw32.de\/cms\/wp-json\/wp\/v2\/pages\/1419","targetHints":{"allow":["GET"]}}],"collection":[{"href":"https:\/\/lw32.de\/cms\/wp-json\/wp\/v2\/pages"}],"about":[{"href":"https:\/\/lw32.de\/cms\/wp-json\/wp\/v2\/types\/page"}],"author":[{"embeddable":true,"href":"https:\/\/lw32.de\/cms\/wp-json\/wp\/v2\/users\/1"}],"replies":[{"embeddable":true,"href":"https:\/\/lw32.de\/cms\/wp-json\/wp\/v2\/comments?post=1419"}],"version-history":[{"count":10,"href":"https:\/\/lw32.de\/cms\/wp-json\/wp\/v2\/pages\/1419\/revisions"}],"predecessor-version":[{"id":6789,"href":"https:\/\/lw32.de\/cms\/wp-json\/wp\/v2\/pages\/1419\/revisions\/6789"}],"wp:attachment":[{"href":"https:\/\/lw32.de\/cms\/wp-json\/wp\/v2\/media?parent=1419"}],"curies":[{"name":"wp","href":"https:\/\/api.w.org\/{rel}","templated":true}]}}